- 4*j. Suppose l*r - 6*n = -n + 9, -r - 5*n + 3 = 0. Suppose -r*c = -109 - 137. Is c a composite number?
True
Let o = -2036 - -6583. Is o a composite number?
False
Let s = 4512 - -265. Is s a prime number?
False
Let s(z) = z**3 - 7*z**2 - 11*z + 6. Let v be s(8). Let o be (-7)/3 + v/27. Is 6/(o + 1) + 6 a composite number?
False
Let h(f) = 20*f - 1. Let m = 17 - 12. Suppose 0 = -d + m - 3. Is h(d) a prime number?
False
Let z = 25 - 26. Let k be (-4 - 0) + (15 - z). Is 19/7 - k/(-42) prime?
True
Let f be -3 + 0 + -4 + 10. Suppose -f*u - 3032 = -7*u. Is u a prime number?
False
Let p = -5 - -7. Suppose 22 = 4*l - 2*z, 2*l + 2*z + 4 = -p*z. Suppose 15 = o - y, -2*y = -2*o - l*y + 22. Is o composite?
False
Let k = 134 + -538. Let h = k - -883. Is h prime?
True
Let z = -37 - -41. Suppose 4*c - 848 = 5*w - z*w, 1075 = 5*c - 5*w. Is c prime?
True
Suppose 6 = 5*a - 19. Suppose -f = 2*s - 3189, a*f = -2*s - 2*s + 6363. Is s a prime number?
True
Let v(x) = -69*x + 7. Let n be v(2). Let t = 18 - n. Is t prime?
True
Suppose 0 = 67*d - 65*d - 6998. Is d a composite number?
False
Suppose 0 = -0*v + 2*v + 8, -100 = -h + 4*v. Suppose -3*f + h = f. Is f/(-14)*(-38)/3 a composite number?
False
Let u be -5*(-33)/(-5)*(-12)/18. Let q(b) = 3*b**2 + 15*b - 31. Is q(u) prime?
False
Suppose -6*c = -3*c - 18. Let x(g) = g - 7. Let b be x(c). Let q(h) = -18*h + 1. Is q(b) prime?
True
Let q be (-1875)/(-21) - (-2)/(-7). Suppose 0 = -y - 3*l + 224, -y + q = -3*l - 105. Is y a prime number?
False
Let t be (-6 + 3)/(-12)*8. Suppose -27 = -t*n - n. Suppose -4*i + n*i - 95 = 0. Is i a composite number?
False
Let x = 8989 + 10672. Is x a composite number?
False
Let g = -132 + 130. Is (-2)/(-16) - (g + (-49795)/40) a composite number?
True
Let x(n) = -n**3 + 10*n**2 - 8*n - 6. Let c be x(9). Suppose 2*i - 176 = 3*d + 76, 0 = d + c*i + 73. Let v = 225 + d. Is v prime?
False
Let r(v) = -1388*v**3 + 7*v + 6. Let s be r(-1). Let b = s - -1984. Is b prime?
True
Is (-1)/(-2) - 39645/(-18) prime?
True
Is (-33734)/(-10) + 4 + (-6)/15 composite?
True
Let i be (2081/3 + -1)/(23/(-69)). Let u = 3063 + i. Is u a composite number?
True
Let q = -1739 - -4876. Is q a composite number?
False
Let g(a) = 8581*a + 56. Is g(5) a composite number?
False
Let z be (-28)/(-5) - (-24)/60. Let b(a) = z - 6*a - 3 + 1 + 3*a**2 + 2*a**3. Is b(3) composite?
False
Let t = -741 - -1325. Let h = 1549 - t. Is h a composite number?
True
Let p(f) be the third derivative of 0*f + 1/120*f**6 + 1/12*f**4 + 1/6*f**5 - 2*f**2 - f**3 + 0. Is p(-7) a prime number?
True
Let h = 6681 + -2294. Is h composite?
True
Suppose -5*j - 13 = -4*b, b + 7 - 26 = -4*j. Suppose -15 = 2*m - b*m. Suppose -4*c + m*c = 2*f - 315, -3*f = -c + 325. Is c a prime number?
False
Let f(j) = -3*j**3 - 3*j**2 - 5*j - 22. Let s be f(-6). Suppose 3*i = -3*z + 4617, 4*z = 3*i + s - 5137. Is i a composite number?
True
Suppose 6*s - 28 = 2*s. Suppose s*m + 256 = 8*m. Is (m - 0) + (-24)/8 a prime number?
False
Suppose 2085 + 2090 = c. Let a = -2228 + c. Suppose 0 = 2*m + m - a. Is m composite?
True
Suppose 0 = -2*k + 2*b - 5594, b + 3751 = 3*k + 12138. Is (2/3)/(1 + k/2805) composite?
True
Suppose -6*h + 3*h + 12 = 0. Suppose 0 = -3*b + y + 950, -h*b - 5*y = -2*y - 1271. Is b a prime number?
True
Is -4 + 7/(35/52405) prime?
True
Suppose 4*m = -5*u + 77093, 67*u = -5*m + 71*u + 96397. Is m composite?
True
Let p = 34 - 30. Is (p*-1 + 2 - -3)*239 a prime number?
True
Let h(k) be the third derivative of -7*k**6/120 + k**5/20 - k**4/8 - k**3/3 + 10*k**2. Is h(-3) composite?
False
Suppose 3*k + 18 - 3 = 0. Let p(d) = -5*d + 6. Is p(k) a prime number?
True
Let p(z) = 3*z**2 - 1. Let x be p(-1). Suppose -q - x = -2*q. Suppose 105 = 5*b - q*b. Is b composite?
True
Let y(d) be the first derivative of 400*d**3/3 - 5*d**2/2 - 8*d - 2. Is y(-3) composite?
False
Let t be ((-1)/3)/((-1)/21). Let h(s) = 115*s - 7. Let i(z) = 173*z - 10. Let q(m) = 8*h(m) - 5*i(m). Is q(t) a composite number?
False
Let n = -578 + 826. Let u = 126 + n. Suppose 2*t - j = 134, -4*t + u - 86 = 3*j. Is t prime?
False
Suppose 3*w - 2*w = 4. Suppose -y = w*y - 5215. Is y prime?
False
Suppose -2*l - 1 = 2*i - 9, -5*l + 12 = 3*i. Suppose -i*z + n + 1243 = 0, 2*z - 3*n - 150 = 479. Suppose -z = -v - v. Is v a prime number?
False
Suppose 0 = -2*b - y + 15728, 4*y - 39310 = -5*b - y. Is (-8)/28 - b/(-42) a prime number?
False
Suppose 2*m + 4*z = -16, 0 = -3*m - 4*z + 3*z + 1. Suppose 2*u + 4*t - 4 = 0, -4*u + 9*u - m*t - 10 = 0. Let v(x) = 55*x**2 + 3*x - 3. Is v(u) composite?
False
Let h = -11 + 17. Suppose -7*l - 2 = -h*l. Is l/(-7) + (-1279)/(-7) a prime number?
False
Let h(a) = -7*a**3 + 2*a**2 + 2*a - 3. Let r be h(-2). Suppose r*v - 1655 = 52*v. Is v a composite number?
False
Suppose -2*q - 6 = -5*q. Suppose -q*l + 396 = 78. Is l a prime number?
False
Let a = -1061 - -3034. Is a prime?
True
Is ((1367 - -3) + 9)*(0 - -1) a prime number?
False
Let j(p) = 98*p + 81. Is j(5) a prime number?
True
Suppose -18*o - 1435 + 48127 = 0. Is o a prime number?
False
Let n = -1019 + 4384. Is n prime?
False
Let w = 2620 - 433. Suppose -3*l - 2*l + 3674 = 3*m, 3*l = 4*m + w. Is l a prime number?
True
Suppose -37 = 16*b - 17*b. Let n be -1*3*2/3. Is b + n - (6 + -8) a composite number?
False
Suppose 3*x = -0*x + 6. Suppose -k = -x*f - 119, -5*k - 5*f + 10*f + 615 = 0. Is k a prime number?
True
Is (-589260)/(-105) - (0 + -1 + 4) composite?
True
Let v(k) = -4*k + 5. Let w = 21 + -22. Let b = w + -6. Is v(b) a composite number?
True
Suppose 2*w + 601 - 151 = 0. Suppose -4*g = -g + i + 363, 0 = 4*i - 12. Let l = g - w. Is l a composite number?
False
Suppose 5*y = -d + 1468, -10 = -4*y + 10. Let p = d - 574. Is p prime?
False
Let s(l) = 769*l**3 + 5*l**2 + 7*l + 14. Is s(5) a prime number?
False
Let z(t) = 2*t. Let d be z(2). Suppose -4 = -d*l - 0. Suppose 4*q = 2*a + 1674, -1 = -2*a + l. Is q a prime number?
True
Suppose -9308 = -4*u + 10688. Is u prime?
True
Suppose 0 = 3*z - 8 + 14. Let b be -2*(-3)/z + -222. Let x = b - -318. Is x a prime number?
False
Let u = 37894 - -12465. Is u a composite number?
False
Let c(s) = 11*s + 7*s**3 + 5*s**2 + 6*s**3 + 13*s - 25*s - 12. Is c(5) a composite number?
False
Suppose -g - 3680 = 5*d + 4*g, 2*d - 2*g + 1492 = 0. Suppose -4*f - 222 = -3*t, -2*f = -f. Let w = t - d. Is w prime?
False
Suppose 2*l - 5 = 2*o - 15, 5*o = -2*l + 11. Suppose -5*r + 5*a - 33 = -1098, -2*a = -o*r + 641. Is r a composite number?
True
Let i(d) = 6 + 3 + 4*d - d**3 + 4*d**2 - 4 + 2*d. Is i(-4) a prime number?
True
Let l(w) = 25*w**2 - 52*w + 1. Is l(-8) composite?
False
Let f = 14 - 12. Suppose 0 = -f*g + 5*p - 10, 4*g + 5*p - 2*p = 6. Suppose -6*y - 750 = -2*h - 3*y, g = 2*h + 3*y - 774. Is h a prime number?
False
Suppose -s + 63 = 8*s. Let d(n) be the first derivative of n**4/2 - 10*n**3/3 - n**2 + 9*n + 2. Is d(s) composite?
False
Let q(o) be the first derivative of 29*o**3/3 + 7*o**2/2 - 9*o + 7. Is q(-5) a prime number?
False
Let x(j) = 10*j**3 - 3*j**2 - 5*j + 1. Let p(m) = m**3 - 8*m**2 + 13*m - 6. Let v be p(6). Suppose 2*d = -v*d + 10. Is x(d) a prime number?
True
Let l = -130 - -442. Suppose -l + 3975 = 9*t. Is t a prime number?
False
Let p(q) = 2*q**2 - 6*q - 10. Let f be p(-6). Is (-3)/(-36)*4 + f/3 composite?
True
Let n(r) = r**2 + 2*r + 5. Let b be n(-4). Let s = 14 - b. Is (64 - 2)/s - 3 a prime number?
True
Let d(o) = 111*o**3 - o**2 + o - 2. Let p be d(2). Let b = 2757 - p. Suppose -221 = 4*k - b. Is k prime?
False
Suppose 0 = -7*i + 6*i - 24. Let q = -20 - i. Suppose q*u + 2444 - 7048 = 0. Is u composite?
False
Suppose 0*z = 2*z - f - 2056, 5*z = f + 5143. Suppose 531 = q + 5*n, 4*n - z = -4*q + 1127. Is q a composite number?
False
Let p = 4775 - -782. Is p prime?
True
Let g(m) = 75*m - 17. Let z(a) = 2*a - 1. Let l be z(2). Suppose -l*i + 64 = 5*i. Is g(i) a prime number?
False
Let k be (60/20)/(6/(-70)). Suppose 0 = 3*c + 6, -2*m - 2*m - 4*c + 400 = 0. Let h = m + k. Is h composite?
False
Suppose 28*q - 29*q + 10562 = -3*v, -3*q + v = -31678. Is q a prime number?
True
Let u(o) = 6*o**2 + 11*o + 4. Suppose -8 = 7*f + 41. Is u(f) prime?
False
Let b = -2 + 4. Suppose -9*s = -12*s + 132. Suppose b*g = -2*g + s. Is g composite?
False
Is 4/26 - ((-3731275)/325 + 22) prime?
False
Le